 s(110)?
77
Let m(s) = 486*s + 14591. Calculate m(-30).
11
Let j(a) = -4*a**2 + 97*a + 836. What is j(31)?
-1
Let j(w) = 57*w - 677. What is j(11)?
-50
Let t(h) = -952*h - 4821. What is t(-5)?
-61
Let m(n) = -21*n + 99. Give m(5).
-6
Let c(k) = -3*k**2 + 422*k + 4506. Calculate c(-10).
-14
Let b(l) = l**2 - 122*l - 643. Calculate b(-5).
-8
Let s(i) = 19*i**2 + 484*i + 25. Give s(-25).
-200
Let u(l) = 2*l**3 - 45*l**2 + 3*l - 587. Calculate u(23).
11
Let r(u) = 8*u - 128. Determine r(43).
216
Let j(m) = 4*m**3 + 26*m**2 - 15*m - 19. What is j(-7)?
-12
Let c(v) = -53*v - 144. Determine c(-3).
15
Let z(a) = 111*a + 2307. Give z(-23).
-246
Let v(f) = 2*f + 20. What is v(35)?
90
Let i(y) = y**3 + 5*y**2 - 30*y - 177. Determine i(-5).
-27
Let i(g) = 60*g**2 - 2*g - 34. Give i(-2).
210
Let n(j) = -23*j + 142. What is n(2)?
96
Let y(q) = -q**3 - 8*q**2 - 2*q + 2. Give y(-5).
-63
Let l(m) = 148*m - 735. Determine l(5).
5
Let a(m) = -30*m**2 + 182*m + 6. Calculate a(6).
18
Let w(r) = -3*r**2 + 220*r + 1429. What is w(-6)?
1
Let p(f) = -f**2 - 3*f + 224. What is p(14)?
-14
Let t(b) = -161*b - 2131. Calculate t(-15).
284
Let x(o) = 62*o - 2157. Calculate x(35).
13
Let g(h) = -6*h**3 + 29*h**2 + 156*h - 33. Determine g(8).
-1
Let b(i) = -3*i**3 - 111*i**2 - 2*i - 92. Determine b(-37).
-18
Let z(h) = -5*h**2 - 11*h + 3673. Calculate z(26).
7
Let d(u) = -246*u - 1467. Calculate d(-6).
9
Let b(p) = p**3 - 6*p**2 + 91*p + 96. Give b(-1).
-2
Let n(v) = -64*v + 1409. Calculate n(22).
1
Let z(k) = -k**3 + 86*k**2 + 267*k - 6. Give z(89).
-6
Let d(o) = -15*o**3 - 3*o**2 - 17*o - 30. Calculate d(-2).
112
Let r(d) = 2*d**3 + 317*d**2 + 166*d + 1281. Give r(-158).
17
Let u(s) = 95*s - 7408. Give u(78).
2
Let a(s) = s**3 - 19*s**2 - 22*s + 49. Give a(20).
9
Let v(f) = f**3 - 20*f**2 - 350*f - 1095. Calculate v(32).
-7
Let b(c) = 30*c**2 + 180*c + 5. What is b(-6)?
5
Let q(r) = -r**3 + 10*r - 670. Give q(0).
-670
Let f(m) = 2*m - 12. Determine f(28).
44
Let z(u) = -u - 46. What is z(-37)?
-9
Let c(y) = -166*y + 530. Give c(4).
-134
Let z(h) = -3991*h + 51924. Give z(13).
41
Let z(c) = 2*c**3 + 14*c**2 + 8*c - 13. Give z(-6).
11
Let b(m) = -6*m**2 + 164*m - 701. What is b(22)?
3
Let g(w) = 344*w - 34058. Give g(99).
-2
Let a(k) = k**3 + 86*k**2 - 182*k - 523. Calculate a(-88).
5
Let x(j) = j**3 + 18*j**2 - 170*j + 141. Determine x(-25).
16
Let x(m) = m**3 - 102*m**2 - 255*m + 4915. What is x(104)?
27
Let a(s) = 47*s**2 - 1945*s + 734. What is a(41)?
-4
Let x(i) = 43*i**2 + 364*i - 203. Determine x(-9).
4
Let i(d) = d**3 - 43*d**2 + 214*d - 117. Determine i(5).
3
Let g(b) = -1404*b - 401550. Calculate g(-286).
-6
Let k(d) = -d**3 - 20*d**2 - 5*d - 49. Calculate k(-20).
51
Let x(d) = -1194*d - 4959. Calculate x(-4).
-183
Let g(y) = 2*y**2 - 17*y + 20. Calculate g(5).
-15
Let o(p) = 4*p**2 - 9*p + 17. What is o(3)?
26
Let b(n) = 87*n**2 + 32*n + 33. What is b(-1)?
88
Let v(f) = f**3 - 8*f**2 + 212*f - 756. Calculate v(4).
28
Let u(y) = y**3 + 3*y**2 - 489*y - 1457. Determine u(-3).
10
Let q(l) = 12*l + 55. Give q(-12).
-89
Let l(c) = -56*c + 145. Give l(9).
-359
Let h(g) = g**3 - 27*g**2 + 78*g - 83. Give h(24).
61
Let r(y) = -y**3 + 6*y**2 - 143*y - 314. Calculate r(-2).
4
Let i(w) = -171*w**3 + 10*w**2 + 9*w - 1. Give i(-1).
171
Let i(r) = -162*r - 81. Give i(-4).
567
Let y(s) = 675*s - 657. Give y(1).
18
Let h(q) = -31*q**3 - 2*q**2 + 4*q - 3. Give h(1).
-32
Let n(s) = s**2 + 573*s + 5628. What is n(-10)?
-2
Let f(q) = 11*q**2 + 58*q - 121. Calculate f(2).
39
Let q(n) = -n**2 + 65*n - 342. Give q(6).
12
Let p(v) = 2*v**2 - 75*v + 683. Calculate p(15).
8
Let m(f) = -53*f + 72. What is m(19)?
-935
Let x(b) = 3*b**2 - 69*b + 334. Give x(5).
64
Let x(a) = -a**3 + 9*a**2 - 2*a + 18. Determine x(9).
0
Let p(j) = -j**3 + 8*j**2 - 25*j + 62. Calculate p(5).
12
Let i(m) = -2*m**3 - 50*m**2 - 102*m + 52. Determine i(-23).
282
Let v(o) = -o**2 - 7*o + 206. Determine v(-18).
8
Let h(j) = j**2 - 22*j - 463. Give h(35).
-8
Let l(f) = 502*f - 81315. Determine l(162).
9
Let m(k) = -76*k**2 - 11*k + 12. What is m(1)?
-75
Let a(v) = -49*v + 204. Determine a(6).
-90
Let d(l) = 41*l + 1754. Determine d(-46).
-132
Let c(h) = -h**3 + 21*h**2 - 104*h + 204. Calculate c(15).
-6
Let b(y) = -y**3 + 111*y**2 + 110*y + 50. What is b(112)?
-174
Let m(q) = -89*q - 273. Give m(-6).
261
Let f(i) = -2*i**2 - 3*i - 9. What is f(6)?
-99
Let t(l) = l**2 - 70*l - 384. What is t(75)?
-9
Let f(z) = -331*z + 5312. Calculate f(16).
16
Let f(x) = -407*x + 3942. Determine f(11).
-535
Let i(l) = l**2 - 30*l - 379. Determine i(32).
-315
Let n(q) = q**3 - 8*q**2 - 9*q - 29. What is n(9)?
-29
Let n(r) = -r**3 + 32*r**2 + 3*r + 3. Determine n(32).
99
Let l(q) = -21*q + 38. Determine l(6).
-88
Let h(k) = -k**3 - 34*k**2 + 110*k - 2. Give h(3).
-5
Let y(q) = q**3 + 9*q**2 + 246*q + 1916. Calculate y(-8).
12
Let l(f) = f - 289. Calculate l(24).
-265
Let s(i) = i**3 - 3*i**2 - 44*i + 9. What is s(8)?
-23
Let z(r) = 3*r**2 + 32*r + 22. Determine z(-11).
33
Let k(c) = c**2 + 55*c - 4508. What is k(-100)?
-8
Let z(u) = -19*u - 880. Determine z(-45).
-25
Let z(l) = -l**3 - 14*l**2 - 65*l - 24. Give z(-7).
88
Let m(c) = -707*c - 12122. Give m(-17).
-103
Let n(j) = 8*j - 163. Give n(13).
-59
Let n(s) = 3*s**3 + 94*s**2 + 149*s + 11. Calculate n(-30).
-859
Let s(y) = 27*y - 1514. What is s(57)?
25
Let u(m) = -m**3 + 16*m**2 + 3*m + 22. Calculate u(16).
70
Let z(y) = -233*y - 1417. Determine z(-6).
-19
Let o(w) = 9*w + 24. Give o(-7).
-39
Let u(h) = -h**2 + 131*h - 385. Give u(3).
-1
Let h(p) = 46*p - 52. Give h(-4).
-236
Let o(l) = -l**2 + 106*l + 4227. What is o(-31)?
-20
Let f(a) = -6*a - 68. Calculate f(-6).
-32
Let c(l) = 6*l**2 - 156*l + 101. Give c(25).
-49
Let a(w) = 6*w**3 + 187*w**2 + 19*w - 116. Determine a(-31).
256
Let h(w) = 5*w**3 - 63*w**2 + 30*w + 41. Determine h(12).
-31
Let d(z) = -6083*z + 6099. Calculate d(1).
16
Let z(g) = -130*g + 518. Determine z(4).
-2
Let q(a) = 665*a - 13965. Determine q(21).
0
Let h(c) = -c**2 + 33*c + 102. Determine h(35).
32
Let d(b) = -126*b + 1278. Calculate d(9).
144
Let c(l) = l**3 + 43*l**2 + 37*l + 1592. Calculate c(-43).
1
Let y(s) = -69*s + 418. Calculate y(6).
4
Let o(f) = -22*f**2 + 901*f + 50. Calculate o(41).
9
Let n(k) = -36*k**2 - 35*k + 9. Determine n(1).
-62
Let i(w) = -w - 923. Determine i(-58).
-865
Let q(t) = t**3 + 22*t**2 - 56*t - 180. What is q(-24)?
12
Let b(r) = 23*r**2 - 3*r - 1. Determine b(3).
197
Let b(k) = 7*k**2 - 110*k + 155. Calculate b(14).
-13
Let b(u) = 25*u - 523. Determine b(21).
2
Let o(g) = -2280*g + 18245. Calculate o(8).
5
Let a(b) = 15*b**3 + 29*b**2 + 9*b + 20. Calculate a(-2).
-2
Let m(r) = r**3 - 91*r**2 + 115*r - 2069. Give m(90).
181
Let o(m) = -51515*m - 103039. Calculate o(-2).
-9
Let t(b) = 120*b**3 + 3*b**2 + 108*b - 111. Determine t(1).
120
Let f(h) = 17*h + 503. Calculate f(-30).
-7
Let h(m) = 159*m**3 - 4*m + 5. Calculate h(1).
160
Let i(t) = 48*t - 189. Calculate i(4).
3
Let w(u) = -u**3 - 6*u**2 - 30*u - 162. Give w(-6).
18
Let z(h) = -306*h + 6. Give z(1).
-300
Let r(w) = -2*w**2 + 59*w + 793. Calculate r(-10).
3
Let n(a) = -3*a**3 - 63*a**2 + 67*a + 46. Calculate n(-22).
24
Let p(j) = -34*j - 28. Determine p(0).
-28
Let n(m) = m**2 + 252*m - 23327. Determine n(72).
1
Let c(s) = 26*s + 318. Calculate c(-5).
188
Let j(v) = 2*v**3 - 106*v**2 - 3*v + 164. What is j(53)?
5
Let w(n) = -n**3 - 4*n**2 - 5*n - 6. Give w(-5).
44
Let r(z) = -57*z + 42. Give r(1).
-15
Let n(c) = -15*c**2 - 93*c - 9. Give n(-6).
9
Let i(d) = -13*d**2 - 192*d + 15. Determine i(-15).
-30
Let i(h) = 261*h + 1824. Give i(-8).
-264
Let a(g) = -38*g - 772. Give a(3).
-886
Let n(v) = -56*v - 425. Calculate n(-11).
191
Let d(f) = -f**2 - 54*f - 323. Give d(-7).
6
Let k(t) = -3*t**2 + 76*t - 235. Give k(22).
-15
Let o(g) = -g + 50. What is o(-25)?
75
Let p(h) = 2*h**2 + 85*h + 567. Calculate p(-34).
-11
Let s(k) = -k**3 + 151*k**2 + 1269*k - 25. Determine s(-8).
-1
Let z(r) = r**3 + 14*r**2 + 26*r - 23. Determine z(-9).
148
Let f(j) = -72*j - 396. Give f(-4).
-108
Let n(c) = c**3 + 87*c**2 + 46*c - 3463. Calculate n(-86).
-23
Let y(w) = 5*w**2 + 10*w + 12. Determine y(-2).
12
Let y(b) = 2*b**2 + 11*b + 128. Calculate y(-5).
123
Let s(c) = -241*c - 78. Determi